the remainder when 187008 is divided by 109?
73
Calculate the remainder when 103017 is divided by 19.
18
Calculate the remainder when 740737 is divided by 65.
62
Calculate the remainder when 41917 is divided by 2095.
17
Calculate the remainder when 26835 is divided by 20.
15
Calculate the remainder when 15297 is divided by 102.
99
What is the remainder when 196053 is divided by 24?
21
Calculate the remainder when 78323 is divided by 11187.
14
Calculate the remainder when 17319 is divided by 2164.
7
What is the remainder when 59063 is divided by 19636?
155
What is the remainder when 122394 is divided by 15297?
18
What is the remainder when 244620 is divided by 122303?
14
What is the remainder when 2425 is divided by 20?
5
Calculate the remainder when 54913 is divided by 486.
481
What is the remainder when 522857 is divided by 40?
17
Calculate the remainder when 12373 is divided by 45.
43
Calculate the remainder when 477838 is divided by 20.
18
Calculate the remainder when 112295 is divided by 49.
36
Calculate the remainder when 4271 is divided by 4167.
104
Calculate the remainder when 7742 is divided by 298.
292
Calculate the remainder when 8470 is divided by 1213.
1192
What is the remainder when 3395 is divided by 157?
98
Calculate the remainder when 4800 is divided by 2176.
448
What is the remainder when 3983 is divided by 54?
41
What is the remainder when 106608 is divided by 35?
33
What is the remainder when 214129 is divided by 137?
135
What is the remainder when 12314 is divided by 164?
14
What is the remainder when 28189 is divided by 28182?
7
Calculate the remainder when 70948 is divided by 50.
48
Calculate the remainder when 47062 is divided by 37.
35
What is the remainder when 1483489 is divided by 898?
891
What is the remainder when 1111 is divided by 156?
19
Calculate the remainder when 2894 is divided by 181.
179
What is the remainder when 36990 is divided by 9196?
206
Calculate the remainder when 1223 is divided by 309.
296
Calculate the remainder when 27492 is divided by 16.
4
What is the remainder when 379792 is divided by 372?
352
What is the remainder when 36097 is divided by 100?
97
What is the remainder when 2914 is divided by 311?
115
What is the remainder when 1838 is divided by 447?
50
Calculate the remainder when 38189 is divided by 570.
569
What is the remainder when 711 is divided by 198?
117
Calculate the remainder when 6090 is divided by 991.
144
What is the remainder when 2692896 is divided by 37?
36
Calculate the remainder when 27965 is divided by 4.
1
Calculate the remainder when 1314 is divided by 1278.
36
Calculate the remainder when 23156 is divided by 335.
41
What is the remainder when 3807 is divided by 152?
7
Calculate the remainder when 10332 is divided by 10195.
137
What is the remainder when 18338 is divided by 20?
18
What is the remainder when 7791 is divided by 324?
15
What is the remainder when 343076 is divided by 37?
12
Calculate the remainder when 104414 is divided by 8.
6
Calculate the remainder when 20663 is divided by 168.
167
Calculate the remainder when 133828 is divided by 65.
58
Calculate the remainder when 180957 is divided by 520.
517
Calculate the remainder when 18417 is divided by 197.
96
What is the remainder when 4877 is divided by 60?
17
Calculate the remainder when 2882 is divided by 1339.
204
Calculate the remainder when 54076 is divided by 1803.
1789
What is the remainder when 170353 is divided by 1958?
7
What is the remainder when 61176 is divided by 170?
146
Calculate the remainder when 22683 is divided by 553.
10
Calculate the remainder when 130431 is divided by 16302.
15
What is the remainder when 10124 is divided by 1681?
38
Calculate the remainder when 19662 is divided by 1123.
571
What is the remainder when 2869 is divided by 1398?
73
Calculate the remainder when 25334 is divided by 12667.
0
Calculate the remainder when 71194 is divided by 23730.
4
What is the remainder when 788872 is divided by 28?
0
Calculate the remainder when 2501 is divided by 1240.
21
What is the remainder when 2299 is divided by 565?
39
What is the remainder when 31223 is divided by 7802?
15
What is the remainder when 2538896 is divided by 14?
10
Calculate the remainder when 46430 is divided by 9281.
25
What is the remainder when 99019 is divided by 49508?
3
Calculate the remainder when 2511570 is divided by 76.
74
What is the remainder when 2226143 is divided by 48?
47
What is the remainder when 40659 is divided by 107?
106
Calculate the remainder when 422834 is divided by 1364.
1358
Calculate the remainder when 4336 is divided by 44.
24
What is the remainder when 138174 is divided by 272?
270
What is the remainder when 874 is divided by 153?
109
Calculate the remainder when 17078 is divided by 51.
44
What is the remainder when 9320 is divided by 405?
5
Calculate the remainder when 102752 is divided by 99.
89
Calculate the remainder when 83185 is divided by 30.
25
Calculate the remainder when 22258 is divided by 2210.
158
Calculate the remainder when 76070 is divided by 76067.
3
What is the remainder when 128121 is divided by 599?
534
What is the remainder when 18704 is divided by 8966?
772
What is the remainder when 129858 is divided by 572?
14
Calculate the remainder when 26058 is divided by 869.
857
Calculate the remainder when 124268 is divided by 86.
84
Calculate the remainder when 3013 is divided by 110.
43
What is the remainder when 863 is divided by 820?
43
What is the remainder when 2817826 is divided by 12?
10
Calculate the remainder when 157758 is divided by 64.
62
What is the remainder when 330771 is divided by 38?
19
What is the remainder when 3111 is divided by 100?
11
Calculate the remainder when 25117 is divided by 2788.
25
What is the remainder when 109629 is divided by 287?
282
Calculate the remainder when 7121 is divided by 71.
21
What is the remainder when 41001 is divided by 26?
25
What is the remainder when 7772 is divided by 461?
396
What is the remainder when 259319 is divided by 634?
13
What is the remainder when 72740 is divided by 72740?
0
Calculate the remainder when 575043 is divided by 2406.
9
Calculate the remainder when 143 is divided by 36.
35
What is the remainder when 3985 is divided by 259?
100
Calculate the remainder when 20521 is divided by 1603.
1285
What is the remainder when 29924 is divided by 28?
20
What is the remainder when 10655 is divided by 204?
47
What is the remainder when 16471406 is divided by 344?
342
What is the remainder when 9567 is divided by 174?
171
Calculate the remainder when 911305 is divided by 303765.
10
Calculate the remainder when 775952 is divided by 15.
2
Calculate the remainder when 31437 is divided by 48.
45
Calculate the remainder when 202207 is divided by 92.
83
What is the remainder when 25465 is divided by 6151?
861
What is the remainder when 2533 is divided by 514?
477
Calculate the remainder when 42844 is divided by 104.
100
What is the remainder when 1062 is divided by 330?
72
Calculate the remainder when 7259 is divided by 15.
14
Calculate the remainder when 571 is divided by 54.
31
Calculate the remainder when 651 is divided by 628.
23
What is the remainder when 1621055 is divided by 43?
41
Calculate the remainder when 1067698 is divided by 21.
16
Calculate the remainder when 9972 is divided by 1418.
46
Calculate the remainder when 54863 is divided by 118.
111
What is the remainder when 16381 is divided by 1359?
73
Calculate the remainder when 1027484 is divided by 43.
42
What is the remainder when 97038 is divided by 80?
78
Calculate the remainder when 632 is divided by 81.
65
What is the remainder when 180094 is divided by 181?
180
Calculate the remainder when 2957 is divided by 84.
17
What is the remainder when 4077 is divided by 47?
35
Calculate the remainder when 800 is divided by 312.
176
What is the remainder when 461 is divided by 55?
21
What is the remainder when 348 is divided by 249?
99
What is the remainder when 1147 is divided by 1085?
62
Calculate the remainder when 2834 is divided by 575.
534
What is the remainder when 6204 is divided by 107?
105
What is the remainder when 264810 is divided by 59?
18
Calculate the remainder when 245326 is divided by 49062.
16
Calculate the remainder when 62498 is divided